3 + 2*h**2 - h. Let s be w(r). Suppose s = u - 4. What is the remainder when u is divided by 4?
2
Let j(m) = -3*m + 1. Let h = 6 + 7. Calculate the remainder when h is divided by j(-2).
6
Let q = -26 + 39. Suppose -3*c + 3*n = q - 94, 0 = -2*n + 10. Calculate the remainder when c is divided by 9.
5
Suppose -5*k + 64 + 61 = 0. Suppose -l - f - 2*f + k = 0, -4*f - 10 = -2*l. What is the remainder when l is divided by 7?
6
What is the remainder when 63 is divided by (48/40)/((-9)/(-120))?
15
Calculate the remainder when -71*(-1 - 2 - -2) is divided by 18.
17
Let c = 263 - 185. Calculate the remainder when c is divided by 16.
14
Suppose -9 = -v - 8. Suppose -g + 11 = v. Suppose x = -0*x + 28. Calculate the remainder when x is divided by g.
8
Let v = -34 - -103. What is the remainder when v is divided by 24?
21
Suppose -4*m + 24 = -2*m. What is the remainder when 59 is divided by m?
11
Let h(q) = -q**2 + 7*q - 3. Let l(p) = 5*p**2 - p. Let v be l(-1). Let z be h(v). What is the remainder when z/(-6) + 53/2 is divided by 14?
12
Let v be -1*(0 - 2)/1. Let s = v + 0. Calculate the remainder when 26 is divided by s + 24/(2 - 0).
12
Let h(n) = 4*n**2 + n - 7. Suppose -b + 74 = 49. What is the remainder when h(5) is divided by b?
23
Let t = -10 + 15. Suppose 149 = 3*d + t*a, -4*d + 170 = a - 57. What is the remainder when d is divided by 15?
13
Let j be 3/(2 - 1) + -2. Let z(l) = -7*l - 4. Calculate the remainder when 1 + -3 + (j - -33) is divided by z(-3).
15
Suppose -3*a = -6*a + 24. Let r(i) = i**2 - 3*i - 1. Let b be r(6). Suppose b = -2*f + 45. Calculate the remainder when f is divided by a.
6
Let h(p) = -p**2 + 9*p - 8. Let m be h(6). Let r = m + -5. Calculate the remainder when 13 is divided by r.
3
Suppose -3*w + 4*w + 42 = 0. Let f = 76 + w. What is the remainder when f is divided by -4*9*5/(-20)?
7
Let k = -3 + 1. Let f = k + 14. Let j = -58 + 104. Calculate the remainder when j is divided by f.
10
Let q = 1 - -3. Suppose p = -q*p + 25. Calculate the remainder when 7 is divided by p.
2
Let t(y) = -y**2 + 18*y - 15. Suppose 0 = -2*x - x + 21. Calculate the remainder when x is divided by t(17).
1
Let f(s) = 2*s**2 + s + 1. What is the remainder when f(-2) is divided by 3?
1
Let j(b) = -b**3 - 5*b**2 - b - 2. Let n be j(-5). Suppose -u + 12 = n*u. What is the remainder when 136/6 - 2/u is divided by 8?
6
Let a(m) = 3*m**3 - 5*m**2 + m + 5. What is the remainder when a(3) is divided by 15?
14
Let j = 125 - 75. Calculate the remainder when j is divided by 17.
16
Let x be 1*2 - 16/2. Let y(z) = z**2 + 2*z - 5. Suppose -4*s + 25 = s. What is the remainder when y(x) is divided by s?
4
Let y = 8 - -16. Suppose 5*b - 3*b - y = 0. Calculate the remainder when 3/((-6)/46)*-1 is divided by b.
11
Let c(t) = t**3 - 6*t**2 + 2*t + 4. Let q = 59 + -28. What is the remainder when q is divided by c(6)?
15
Suppose -18 = 2*r - 54. What is the remainder when r is divided by 11?
7
Let c(d) = -d**3 + 5*d**2 - 5*d + 4. Let y = -6 - -12. Let l(g) = g - 3. Let s be l(y). Calculate the remainder when 19 is divided by c(s).
5
Let u(f) = 28*f**3 + 1. Let d be u(1). Suppose 36 = -2*r - v, -3*r - 3*v - 2*v = 40. Let g = r + d. Calculate the remainder when g is divided by 5.
4
Let i be (-2 - (-3 + 0)) + 111. Suppose 4*d = i - 8. Calculate the remainder when d is divided by (-2 - 1)/((-6)/28).
12
Suppose 10 = 27*p - 25*p. Calculate the remainder when p is divided by 3.
2
Suppose a = -3*g + 2*g + 34, 4*g - 174 = -5*a. What is the remainder when a is divided by 20?
18
Suppose -6*u + 4*u = -30. Calculate the remainder when 104 is divided by u.
14
Let p be (-2)/(-5) - 188/(-5). Calculate the remainder when 56 is divided by (p - 0)*(-1)/(-2).
18
Let s = 49 + -34. Suppose -3*v - 32 = -0*j - j, -j + 5*v = -24. What is the remainder when j is divided by s?
14
Calculate the remainder when (5 - -57)/(3 - 1) is divided by 8.
7
Suppose 6*i = 10*i - 348. What is the remainder when i is divided by 44?
43
Let c = 47 - 26. Calculate the remainder when 81 is divided by c.
18
Let a = -1 - 1. Let g(s) = -s**2 + 7. Let q be g(0). Let d = a + q. What is the remainder when 14 is divided by d?
4
Calculate the remainder when (-6)/(-33) + 0 - (-12480)/88 is divided by 36.
34
Let l = 119 - 79. What is the remainder when l is divided by 14?
12
Suppose p - 2*p = -21. Let w = 14 + -3. What is the remainder when p is divided by w?
10
Let v be ((-3)/1 - -5) + 22. Suppose 2*c - v = -2*c. Calculate the remainder when c is divided by 2.
0
Let l = 379 - 267. Calculate the remainder when l is divided by 23.
20
Suppose n + 20 = 5*l, 4*l - 4 = -3*n + 12. Suppose n = 3*x - 70 - 77. What is the remainder when x is divided by 17?
15
Suppose -52 = -2*v + n, v - 4*v + n + 76 = 0. Calculate the remainder when v is divided by 13.
11
Let j = 2 - -3. Suppose -18 = -j*f + 47. Suppose l + 93 = 4*y, 3*l - 2*l = -3*y + 75. Calculate the remainder when y is divided by f.
11
Suppose -33 = -i - 0*i. What is the remainder when i is divided by 9?
6
Suppose 9 = 3*y - 90. Calculate the remainder when y is divided by 9.
6
Suppose -2*a + 31 = -a. Suppose 0 = 4*p - 45 - a. Let q = 32 - p. Calculate the remainder when 37 is divided by q.
11
Calculate the remainder when (2/(-3))/(6/(-279)) is divided by 3/6*(16 + 0).
7
Let f = -76 - -80. What is the remainder when 12 is divided by f?
0
Let c = -95 + 117. What is the remainder when c is divided by 6?
4
Let i = 13 - 7. What is the remainder when i is divided by 2?
0
Suppose -4*y = 2*w - 39 - 51, -5*w - 4*y = -219. Calculate the remainder when 83 is divided by w.
40
Let v be -1*1 - 4/(-2). Suppose m = -2*h + 10, 5*h - 25 = -2*m + m. Calculate the remainder when h is divided by v*(-3)/(3/(-2)).
1
Suppose 5*l = 166 - 111. Calculate the remainder when 28 is divided by l.
6
Suppose 0 = 2*d + 3*k - 3 - 68, 2*d + 2*k = 74. What is the remainder when 238 is divided by d?
38
Suppose -20 = -2*x + 66. Calculate the remainder when x is divided by 22.
21
Suppose -4*k - 8*l + 81 = -5*l, 1 = -l. Calculate the remainder when 33 is divided by k.
12
Suppose -21 = -4*j - 1. Suppose -4*b + 3*c = -181, 4*b + 4*c = j*b - 29. Calculate the remainder when b is divided by 13.
10
Suppose -2*p - p - w = -34, w - 4 = 0. Let t(y) = 39*y**2. Calculate the remainder when t(-1) is divided by p.
9
Let k(p) = 5*p - 3. Let s be k(2). Let d(w) = -3 - 5*w + w**2 + 0*w**2 + 0*w. What is the remainder when 20 is divided by d(s)?
9
Let p(s) = s**3 + 12*s**2 - 19*s - 3. Suppose 2*w - 11 - 41 = 0. What is the remainder when p(-13) is divided by w?
23
Let x = -28 + 71. Calculate the remainder when x is divided by 15.
13
Let v(t) = -t**3 + 13*t**2 - 12*t + 15. What is the remainder when v(11) is divided by 32?
29
Let b(q) = q**2 + q + 6. Let p be b(0). Let c(s) = -s**3 - 7*s**2 - 4*s - 10. What is the remainder when c(-7) is divided by (8/p)/(2/15)?
8
Suppose -6 = -o + 2*w, -7 + 3 = 4*w. Calculate the remainder when 7 - 0/(o/2) is divided by 4.
3
What is the remainder when (24/9)/((16/30)/4) is divided by 12?
8
Let g(c) = 5*c**2 + 2*c - 2. Suppose 5*b - 2*b = 42. Let v = 33 - b. What is the remainder when g(-3) is divided by v?
18
Let n(h) = 2*h**2 - 2*h + 5. Calculate the remainder when n(4) is divided by 264/27 + (-6)/(-27).
9
Suppose 135 = 52*l - 47*l. Calculate the remainder when 79 is divided by l.
25
Let x(g) = g**2 - 5*g - 1. Let h be x(6). Suppose h*k - 21 = -3*n, -6 - 5 = -n - 3*k. Suppose 153 = n*j + j. Calculate the remainder when j is divided by 26.
25
Let r be (-2 - 13)*4/(-6). Let m = r - 3. Let k = 49 + -30. Calculate the remainder when k is divided by m.
5
Let p(m) = m**2 + 7*m + 2. Let l be p(-7). Suppose 3*x - 76 = -2*g, 0*g = l*x + g - 52. Let f = 19 + -9. What is the remainder when x is divided by f?
8
Suppose 4*v - 40 = 2*v. What is the remainder when v is divided by 11?
9
Let k be 161/3 + (-8)/12. Suppose 0 = 4*t - 11 - 17. Suppose 2*r - t - k = 0. Calculate the remainder when r is divided by 8.
6
Suppose -390 = 10*r - 25*r. What is the remainder when 98 is divided by r?
20
What is the remainder when 205*1*8/20 is divided by 17?
14
Suppose -2*t = -5*t + 24. Suppose -3*p + 108 = 5*z, -5*p = -3*z + 2*z + 16. What is the remainder when z is divided by t?
5
Suppose 5*u = -20, 4*m - 40 = -0*m + 2*u. What is the r